te the highest common divisor of r and d.
22
Suppose -d = -3*h - 13, -2*h = -4*d - d + 65. Suppose 0*g + d = g. Suppose 5*q - 17 = 4*r, r - q + g = 5*r. What is the greatest common factor of 16 and r?
2
Suppose -5*z + 119 = -381. Let h = -92 + z. Calculate the highest common divisor of 88 and h.
8
Suppose 0 = -4*q, 25*m - 29*m - q + 112 = 0. What is the greatest common factor of m and 1050?
14
Let v be 231/(-55)*1/(9/(-30)). What is the highest common factor of 112 and v?
14
Let q(h) = 17*h - 16. Let k be q(5). Let y = -27 + k. Calculate the greatest common divisor of y and 28.
14
Let b = -918 + 1268. What is the highest common factor of b and 210?
70
Let n = 437 - 283. Calculate the greatest common divisor of 22 and n.
22
Let l be (3*-1)/((-48)/16). Let r(g) = 29*g + 12. Let c be r(l). What is the greatest common divisor of c and 164?
41
Let w = -2 - -42. Suppose 103*h + w = 104*h. Calculate the highest common factor of 24 and h.
8
Suppose -14 = 3*y + 7. Let r(u) = -6*u - 14. Let d be r(y). What is the greatest common factor of d and 28?
28
Let g = -166 - -194. Calculate the greatest common divisor of g and 42.
14
Let m be ((-9)/(-5))/(18/(-42600)*-10). What is the greatest common factor of m and 6?
6
Let q(v) = -12*v + 93. Let d be q(6). What is the highest common factor of 147 and d?
21
Let o be 2/9 - 68/(-18). Let w be (-3)/(-2)*(-7 - -9). Suppose 0 = -w*f - 0*f - 2*y + 14, 4*f + 4*y - 20 = 0. Calculate the highest common factor of o and f.
4
Suppose 0 = -22*i + 477 + 29. Let o = 130 + 123. What is the highest common divisor of i and o?
23
Let y be (29 + 7)/(6 + -5). What is the greatest common divisor of 18 and y?
18
Let y(f) = 2*f**2 - 3*f + 3. Let h be y(-6). Let r = -157 + h. Let g be (3/(-2))/(24/r). What is the greatest common factor of 20 and g?
4
Suppose m + 3*t - t = 11, -3*m - 4*t + 29 = 0. Let d(j) = 9 + 3*j + 3 - 21. Let z be d(m). Calculate the greatest common factor of 30 and z.
6
Let d(r) = 4*r + 6. Let m be d(3). Let y = m - 2. Let a(p) = p**2 + 3*p - 2. Let f be a(-6). Calculate the greatest common divisor of f and y.
16
Suppose 400 = q + 4*q. Suppose 2*o = -3*o + 70. Let y = -4 + o. What is the highest common divisor of q and y?
10
Suppose 0 = -6*b - 172 - 104. Let j = 55 + b. Suppose -90 = -3*k + 18. What is the greatest common divisor of k and j?
9
Let t(d) = -67*d**2 + d. Let r be t(1). Let f be ((-3)/6)/(1/r). Calculate the greatest common divisor of f and 44.
11
Let b be (102/15)/(5*(-3)/(-75)). Let s = -58 + 398. Calculate the greatest common factor of s and b.
34
Let c(b) = -16 + b - 2*b + 5 + 0*b. Let h be c(-15). Suppose h = 2*g - 6. Calculate the greatest common factor of 2 and g.
1
Let m(d) = 3*d**2 - 4*d - 15. Let l be m(4). What is the highest common divisor of l and 119?
17
Let m = -38 + 44. Suppose -2*k - 4 = -10. Let d be k/1*4/2. Calculate the greatest common divisor of d and m.
6
Suppose -7*d + 3456 = 9*d. What is the greatest common factor of d and 8?
8
Suppose 3*j + 3*b = -8 - 22, -j - 2*b = 15. Let h be -18*(-3)/((-18)/(-8)). Let d = h + j. What is the greatest common divisor of 152 and d?
19
Suppose s - 5*g = -s - 23, 13 = -s + 3*g. Let l be (-12)/9*144/s. Calculate the highest common divisor of l and 4.
4
Suppose 5*b - 214 = 146. Let r be 116/5 + 12/15. What is the highest common divisor of r and b?
24
Suppose 2*j - 5 = 7*j, 4*q + 5*j = 267. Calculate the greatest common divisor of q and 85.
17
Suppose 13*n + 4*n = -578. Let x = 86 - n. What is the highest common factor of x and 24?
24
Let i be 2532/((-9)/(2 + -11)). Calculate the highest common factor of i and 12.
12
Let b be 1 - 14/21*3/(-2). Suppose z + a = 23, -b*a + 8 = -0. What is the highest common factor of z and 152?
19
Let u = -12 - -13. Let m be 62/3 + u/(9/(-6)). What is the greatest common factor of 8 and m?
4
Let x(h) = -h + 10. Let u be x(13). Let v be ((-28)/u)/((-2)/(-3)). Suppose -4 + 10 = 3*t. What is the greatest common divisor of v and t?
2
Let i = -31 + 69. Suppose 4*x - 198 = -5*c, -x + 2*x - 192 = -5*c. Suppose -4*y + c = -2*y. Calculate the greatest common factor of y and i.
19
Suppose 0 = 2*n + n - 78. Let d = -22 + n. Suppose 5*z = -d + 64. What is the highest common divisor of z and 132?
12
Suppose -2*s + 18 = 4*s. Suppose -5*u = c - 2*c - 75, -s*u + c + 43 = 0. What is the highest common factor of u and 2?
2
Let g be 1295/7 + (-1)/(3/(-12)). Let s = 3 - 4. Let q = 22 + s. What is the highest common divisor of q and g?
21
Let k = 635 + -558. What is the greatest common divisor of k and 21?
7
Suppose 0*i + 33 = 2*t - 5*i, 0 = -2*i - 6. Calculate the greatest common factor of t and 99.
9
Let i = 104 + -68. Suppose h - 20 = -0*h. Let f = 29 - h. What is the greatest common factor of i and f?
9
Suppose 359 = 4*w - c - 53, 4*c + 16 = 0. What is the greatest common divisor of 272 and w?
34
Let s(w) = 4*w**2 - 187*w + 25. Let f be s(50). What is the greatest common factor of 27 and f?
27
Let x(t) = -185*t**3 - 2*t + 1. Let o be x(-2). Suppose -3*q = -14*q + o. Calculate the greatest common factor of 15 and q.
15
Let q(l) = -11*l - 1. Let n be q(2). Let j = n - -38. Let v = j - 9. Calculate the highest common factor of 12 and v.
6
Suppose 67*v - 81*v + 350 = 0. What is the highest common divisor of 80 and v?
5
Let y(p) = -p**3 - 4*p**2 + 3*p + 2. Let d be y(3). Let n be ((-9)/18)/(2/d). Calculate the highest common factor of n and 39.
13
Let k(x) = -12*x**3 + 4*x**2 - 2. Let m be k(-1). Suppose -5*o + m = -241. What is the highest common factor of 85 and o?
17
Let c = 76 - 74. Let m be (-69)/(-23)*c/6. Let j be (10/(-6))/(3/(-9)). What is the highest common divisor of m and j?
1
Suppose 4*y + 18 = s - 2, -2*s + 4*y + 44 = 0. What is the greatest common factor of 114 and s?
6
Let y = 45 + -27. Let h be (4 - (-1 + -1))*24. What is the greatest common factor of h and y?
18
Suppose -r + 0 = -5*b - 44, -96 = -3*r - 3*b. Suppose -3*d = -2*j - 910, -7*d - 3*j = -2*d - 1542. Calculate the highest common factor of r and d.
34
Let q = 5 - -5. Let f(s) = -s + 6. Let u be (20/(-25))/(2/10). Let w be f(u). What is the highest common divisor of q and w?
10
Suppose -3*j + 6801 - 6741 = 0. Let z be 4 + -2 - (-1 + -7). Calculate the greatest common factor of j and z.
10
Suppose 4*i = i - x + 14, i = -4*x + 23. Suppose -i*a = 4*a - 126. What is the greatest common divisor of a and 30?
6
Let w be 26/3*429/26. What is the highest common divisor of w and 13?
13
Let r = -19 + 21. Suppose -5*n + 87 = r. Let f = 122 + 65. Calculate the highest common divisor of f and n.
17
Let h(l) = 1508*l - 41. Let m be h(1). Calculate the greatest common factor of m and 18.
9
Suppose 33 = 3*h - 0*h. Let f = -3 + 124. What is the highest common divisor of h and f?
11
Let s be (-2 + 0 - 81)*(-5 + 4). Suppose 4*x - 5*o - s = 0, -3*x + 53 = o - 33. Calculate the greatest common divisor of 81 and x.
27
Let a(d) = 10*d**2 - 68*d + 16. Let o be a(7). What is the greatest common factor of 132 and o?
6
Suppose 5*r - 28 - 765 = n, r = 4*n + 151. Let b be (-12)/28 + 4*r/14. What is the highest common divisor of b and 18?
9
Let w = 1126 - 1119. Let h be (35/(-4))/((-1)/4). What is the greatest common factor of h and w?
7
Let x(i) be the third derivative of i**4/8 + i**3/2 - 2*i**2. Let d be x(2). Suppose 1 = 5*o - d. What is the greatest common divisor of 22 and o?
2
Suppose -60 = -2*i - 18. What is the highest common factor of 91 and i?
7
Suppose 5*y - 8 = -3. What is the greatest common factor of 81 and y?
1
Let v = 393 - 183. Calculate the highest common factor of 60 and v.
30
Let h(z) = 10*z + 237. Let c be h(-22). What is the highest common factor of c and 2159?
17
Suppose a = 3*m - 3, 0 = -4*a + 2*a - 3*m + 30. Let p be 5/4 + 570/120. Suppose -p*f + 192 = 30. Calculate the greatest common factor of a and f.
9
Suppose 746 = 3*m - 154. Calculate the highest common factor of m and 60.
60
Let k = 157 - 262. Let p be 2*(-6)/20*k. What is the greatest common divisor of 7 and p?
7
Let w = 83 - 49. Let d(t) = -t**3 + 15*t**2 - 9*t + 15. Let z be d(14). Calculate the highest common factor of w and z.
17
Let y = -26 + 29. Suppose -3*h + 2*n + 7 = 0, -23 + 9 = -y*h - 5*n. What is the highest common factor of h and 3?
3
Let v(p) = 23*p - 237. Let u be v(11). Let b be ((-32)/(-10)